1?
aa
What is -2456 (base 10) in base 9?
-3328
Convert -3800 (base 12) to base 16.
-18c0
Convert -d527 (base 14) to base 15.
-ad0c
Convert -32 (base 11) to base 3.
-1022
What is 10010100011100 (base 2) in base 13?
442a
Convert 7520 (base 10) to base 14.
2a52
What is e3c (base 16) in base 7?
13424
Convert -343 (base 10) to base 13.
-205
What is -1111110110 (base 2) in base 12?
-706
What is -2111011 (base 3) in base 12?
-1071
-1145 (base 15) to base 14
-149b
What is 1022 (base 10) in base 9?
1355
What is -10222020 (base 3) in base 8?
-5517
What is -1092 (base 14) in base 9?
-3841
What is 407 (base 15) in base 11?
755
5078 (base 10) to base 15
1788
Convert -1a49 (base 11) to base 3.
-10120002
Convert 202110 (base 4) to base 11.
1717
What is -42120 (base 11) in base 7?
-343630
Convert -34221 (base 6) to base 11.
-36a8
Convert 12812 (base 12) to base 3.
1021210012
Convert 1210 (base 6) to base 2.
100100110
-73 (base 16) to base 10
-115
Convert 1970 (base 11) to base 4.
213001
-d73 (base 15) to base 2
-101111011001
250c (base 15) to base 7
31665
-10220111 (base 3) to base 8
-5440
What is 31200 (base 4) in base 10?
864
Convert -11276 (base 9) to base 8.
-16541
Convert -6218 (base 13) to base 7.
-54323
What is -52a (base 11) in base 12?
-451
-31013 (base 4) to base 3
-1011002
What is -1ed (base 15) in base 16?
-1c0
Convert 1341 (base 7) to base 10.
519
100000101110 (base 2) to base 10
2094
-923 (base 12) to base 11
-aa3
What is -1212 (base 7) in base 14?
-242
What is -5200 (base 8) in base 15?
-be3
What is 1b73 (base 12) in base 13?
1716
What is 3512 (base 11) in base 2?
1001000000011
What is 3164 (base 8) in base 5?
23102
Convert 15243 (base 6) to base 13.
1185
Convert 1132 (base 7) to base 14.
219
What is -1308 (base 12) in base 11?
-16a1
What is 1544 (base 6) in base 13?
268
What is 302144 (base 5) in base 13?
4532
Convert -13b21 (base 14) to base 6.
-1014025
-40771 (base 8) to base 16
-41f9
-19da (base 15) to base 13
-2722
What is 532 (base 9) in base 14?
230
What is 6a (base 11) in base 13?
5b
Convert -25d (base 14) to base 12.
-337
20402 (base 8) to base 4
2010002
What is 234 (base 11) in base 7?
546
What is 505 (base 6) in base 11?
159
What is -792 (base 15) in base 4?
-122300
35e2 (base 16) to base 11
a400
658 (base 9) to base 12
38b
What is 145 (base 9) in base 12?
a2
-4191 (base 10) to base 12
-2513
Convert 212002 (base 3) to base 4.
21233
What is -46431 (base 7) in base 5?
-340010
3123 (base 8) to base 3
2012222
Convert 714 (base 12) to base 8.
2000
Convert -2431 (base 5) to base 15.
-196
Convert 1243010 (base 5) to base 16.
60b3
Convert -1ad5 (base 15) to base 7.
-22661
What is 13113 (base 4) in base 3?
122110
What is -e63 (base 16) in base 12?
-216b
What is 101222 (base 5) in base 15?
eac
Convert 214474 (base 8) to base 11.
4a101
-32140 (base 5) to base 10
-2170
Convert -42561 (base 7) to base 11.
-7a47
Convert -a3b6 (base 15) to base 5.
-2101341
What is 607 (base 9) in base 15?
22d
What is -1901 (base 13) in base 11?
-2881
What is -113134 (base 5) in base 2?
-1000001001001
321223 (base 5) to base 13
4bca
Convert 57 (base 11) to base 9.
68
409 (base 10) to base 15
1c4
Convert 2213212 (base 4) to base 3.
112201021
Convert -1107a (base 11) to base 15.
-4b59
What is 19ab (base 14) in base 4?
1020303
274 (base 11) to base 5
2243
What is -24024 (base 13) in base 16?
-10194
Convert -38159 (base 11) to base 8.
-152744
2945 (base 11) to base 9
5182
Convert 12bb (base 13) to base 2.
101010000001
What is 7278 (base 14) in base 6?
231122
-919 (base 13) to base 6
-11051
Convert -1075c (base 15) to base 6.
-1042023
41224 (base 5) to base 16
a81
What is -1 (base 12) in base 6?
-1
What is -11313 (base 5) in base 6?
-3505
167 (base 13) to base 9
312
-2224330 (base 5) to base 10
-39340
Convert -397 (base 10) to base 8.
-615
Convert 229ab (base 12) to base 6.
554335
What is -13200311 (base 4) in base 15?
-91b8
Convert 213a9 (base 12) to base 2.
1010101011110001
-3759 (base 10) to base 7
-13650
Convert 1ba (base 13) to base 12.
22a
What is -b7c (base 13) in base 15?
-8ac
Convert -13221 (base 4) to base 16.
-1e9
What is -443 (base 10) in base 12?
-30b
Convert -3321 (base 11) to base 12.
-264b
11542 (base 7) to base 8
5713
What is -2175 (base 11) in base 3?
-10221010
What is 299 (base 11) in base 9?
428
-60d (base 14) to base 16
-4a5
What is -103320 (base 4) in base 6?
-5520
-1011001 (base 2) to base 6
-225
What is -725 (base 10) in base 14?
-39b
What is -1515 (base 9) in base 3?
-1120112
Convert -3d7 (base 16) to base 7.
-2603
What is 687 (base 10) in base 5?
10222
Convert -83 (base 14) to base 7.
-223
Convert 10000110111 (base 2) to base 11.
8a1
110212220 (base 3) to base 15
2bb3
What is -10012001100 (base 3) in base 13?
-22725
Convert -10132 (base 7) to base 16.
-9a9
What is 275a (base 12) in base 3?
20012221
What is a643 (base 14) in base 9?
43301
-20431 (base 5) to base 6
-10154
What is 13144 (base 9) in base 10?
8869
523 (base 7) to base 16
106
21101 (base 3) to base 5
1244
Convert 2413 (base 12) to base 7.
14541
47a (base 14) to base 2
1101111100
Convert 323101 (base 4) to base 8.
7321
be72 (base 15) to base 16
9dbe
220001020 (base 3) to base 8
42171
What is -12001 (base 3) in base 10?
-136
-144 (base 5) to base 2
-110001
2010001 (base 3) to base 8
3004
-367 (base 11) to base 12
-304
-32885 (base 9) to base 12
-107a2
5a44 (base 13) to base 6
134535
-4312 (base 7) to base 14
-7b2
Convert 50a (base 11) to base 7.
1536
Convert -53105 (base 6) to base 13.
-3356
What is 21221 (base 4) in base 9?
755
What is -1403102 (base 5) in base 11?
-1a484
Convert 1035 (base 7) to base 9.
450
10001001 (base 2) to base 6
345
Convert -2533 (base 7) to base 13.
-586
What is -2319 (base 12) in base 3?
-12100210
Convert 1000001 (base 3) to base 8.
1332
212222 (base 3) to base 13
3aa
Convert 44343 (base 5) to base 8.
6032
4a5 (base 11) to base 7
1514
What is -7725 (base 13) in base 11?
-11515
What is 27285 (base 10) in base 2?
110101010010101
Convert -605 (base 8) to base 3.
-112102
What is 1011010101101 (base 2) in base 6?
42513
Convert -75456 (base 8) to base 2.
-111101100101110
Convert -231142 (base 7) to base 11.
-28a90
-100010011111 (base 2) to base 16
-89f
Convert 1a83a (base 11) to base 8.
70442
What is -1210001201 (base 3) in base 13?
-12c43
What is 47730 (base 8) in base 11?
143a2
-43130 (base 5) to base 11
-2210
-200002002 (base 3) to base 2
-11001101111010
156 (base 9) to base 6
340
-112333 (base 4) to base 5
-21341
-24203 (base 6) to base 15
-10a6
What is -20100 (base 6) in base 2?
-101001000100
Convert -10001011 (base 2) to base 15.
-94
-11482 (base 14) to base 8
-122112
-2010222 (base 3) to base 14
-7db
Convert 21411 (base 9) to base 4.
3131221
What is 796 (base 12) in base 10?
1122
Convert 31121310 (base 4) to base 10.
54900
What is -11101000100 (base 2) in base 11?
-1441
What is 10220 (base 3) in base 16?
69
What is -12022220 (base 3) in base 12?
-22b9
2374 (base 9) to base 8
3350
Convert -1014 (base 6) to base 12.
-16a
Convert -10533 (base 6) to base 13.
-8b2
Convert 2020220 (base 3) to base 8.
3154
Convert 37315 (base 8) to base 6.
202233
Convert 238b1 (base 12) to base 11.
33023
-305154 (base 6) to base 15
-73bd
What is -66140 (base 8) in base 16?
-6c60
Convert 677 (base 12) to base 3.
1022101
What is 11101110010101 (base 2) in base 4?
3232111
What is -3557 (base 8) in base 15?
-86d
What is -3a4c (base 14) in base 4?
-2200110
2102201 (base 3) to base 7
5113
-9900 (base 11) to base 9
-18830
Convert 12445 (base 7) to base 12.
1b04
What is c7c (base 16) in base 3?
11101101
308 (base 10) to base 13
1a9
What is 41b8 (base 12) in base 13?
3377
Convert 369f (base 16) to base 4.
3122133
What is -23233 (base 4) in base 7?
-2122
-bba (base 13) to base 5
-31022
1cadd (base 14) to base 16
11f1b
What is 565 (base 8) in base 12?
271
Convert -5fc (base 16) to base 2.
-10111111100
Convert -1c385 (base 14) to base 2.
-10001100101110001
Convert 1a9c6 (base 14) to base 2.
10000100011010010
Convert 442 (base 5) to base 16.
7a
What is -40427 (base 8) in base 11?
-11579
What is -1340412 (base 5) in base 9?
-41774
What is 2043430 (base 5) in base 4?
20113000
What is -1210 (base 10) in base 6?
-5334
1145 (base 6) to base 7
551
What is -15301 (base 8) in base 7?
-25653
Convert